{"id":91,"date":"2023-09-20T20:35:11","date_gmt":"2023-09-20T20:35:11","guid":{"rendered":"https:\/\/goposchte24.de\/index.php\/product\/abena-light-extra-plus-3a\/"},"modified":"2023-09-29T22:38:36","modified_gmt":"2023-09-29T21:38:36","slug":"abena-light-extra-plus-3a","status":"publish","type":"product","link":"https:\/\/goposchte24.de\/index.php\/product\/abena-light-extra-plus-3a\/","title":{"rendered":"Abena Light Extra Plus 3A"},"content":{"rendered":"<ul class=\"amazon_features\">\n<li>optimalen Komfort und Diskretion<\/li>\n<li>Weiche und zuverl\u00e4ssige flache L\u00e4nge M\u00f6glichkeiten seitliche Barrieren<\/li>\n<li>Einzigartige TopDry-System, stellen eine trockene Oberfl\u00e4che und schnelle Fl\u00fcssigkeitsaufnahme w\u00e4hrend bieten komplette Atmungsaktivit\u00e4t<\/li>\n<li>Geruch-System, keine b\u00f6sen Geruch Minimierung<\/li>\n<li>Case Saver Pack<\/li>\n<\/ul>\n","protected":false},"excerpt":{"rendered":"<p>optimalen Komfort und Diskretion Weiche und zuverl\u00e4ssige flache L\u00e4nge M\u00f6glichkeiten seitliche Barrieren Einzigartige TopDry-System, stellen eine trockene Oberfl\u00e4che und schnelle Fl\u00fcssigkeitsaufnahme w\u00e4hrend bieten komplette Atmungsaktivit\u00e4t Geruch-System, keine b\u00f6sen Geruch Minimierung Case Saver Pack<\/p>\n","protected":false},"featured_media":92,"comment_status":"closed","ping_status":"closed","template":"","meta":[],"product_cat":[],"product_tag":[],"_links":{"self":[{"href":"https:\/\/goposchte24.de\/index.php\/wp-json\/wp\/v2\/product\/91"}],"collection":[{"href":"https:\/\/goposchte24.de\/index.php\/wp-json\/wp\/v2\/product"}],"about":[{"href":"https:\/\/goposchte24.de\/index.php\/wp-json\/wp\/v2\/types\/product"}],"replies":[{"embeddable":true,"href":"https:\/\/goposchte24.de\/index.php\/wp-json\/wp\/v2\/comments?post=91"}],"wp:featuredmedia":[{"embeddable":true,"href":"https:\/\/goposchte24.de\/index.php\/wp-json\/wp\/v2\/media\/92"}],"wp:attachment":[{"href":"https:\/\/goposchte24.de\/index.php\/wp-json\/wp\/v2\/media?parent=91"}],"wp:term":[{"taxonomy":"product_cat","embeddable":true,"href":"https:\/\/goposchte24.de\/index.php\/wp-json\/wp\/v2\/product_cat?post=91"},{"taxonomy":"product_tag","embeddable":true,"href":"https:\/\/goposchte24.de\/index.php\/wp-json\/wp\/v2\/product_tag?post=91"}],"curies":[{"name":"wp","href":"https:\/\/api.w.org\/{rel}","templated":true}]}}