{"id":733,"date":"2023-08-31T20:48:15","date_gmt":"2023-08-31T20:48:15","guid":{"rendered":"https:\/\/goposchte24.de\/index.php\/product\/pampers-baby-windeln-pants-grose-6-15kg-premium-protection116-hoschenwindeln-alte-version\/"},"modified":"2023-09-29T22:46:54","modified_gmt":"2023-09-29T21:46:54","slug":"pampers-baby-windeln-pants-grose-6-15kg-premium-protection116-hoschenwindeln-alte-version","status":"publish","type":"product","link":"https:\/\/goposchte24.de\/index.php\/product\/pampers-baby-windeln-pants-grose-6-15kg-premium-protection116-hoschenwindeln-alte-version\/","title":{"rendered":"Pampers Baby Windeln Pants Gr\u00f6\u00dfe 6 (15kg+) Premium Protection,116 H\u00f6schenwindeln, Alte Version"},"content":{"rendered":"<ul class=\"amazon_features\">\n<li>Pampers Baby Windeln Pants Gr\u00f6\u00dfe 6 (15kg+) Premium Protection,116 H\u00f6schenwindeln, Alte Version<\/li>\n<\/ul>\n","protected":false},"excerpt":{"rendered":"<p>Pampers Baby Windeln Pants Gr\u00f6\u00dfe 6 (15kg+) Premium Protection,116 H\u00f6schenwindeln, Alte Version<\/p>\n","protected":false},"featured_media":734,"comment_status":"closed","ping_status":"closed","template":"","meta":[],"product_cat":[],"product_tag":[],"_links":{"self":[{"href":"https:\/\/goposchte24.de\/index.php\/wp-json\/wp\/v2\/product\/733"}],"collection":[{"href":"https:\/\/goposchte24.de\/index.php\/wp-json\/wp\/v2\/product"}],"about":[{"href":"https:\/\/goposchte24.de\/index.php\/wp-json\/wp\/v2\/types\/product"}],"replies":[{"embeddable":true,"href":"https:\/\/goposchte24.de\/index.php\/wp-json\/wp\/v2\/comments?post=733"}],"wp:featuredmedia":[{"embeddable":true,"href":"https:\/\/goposchte24.de\/index.php\/wp-json\/wp\/v2\/media\/734"}],"wp:attachment":[{"href":"https:\/\/goposchte24.de\/index.php\/wp-json\/wp\/v2\/media?parent=733"}],"wp:term":[{"taxonomy":"product_cat","embeddable":true,"href":"https:\/\/goposchte24.de\/index.php\/wp-json\/wp\/v2\/product_cat?post=733"},{"taxonomy":"product_tag","embeddable":true,"href":"https:\/\/goposchte24.de\/index.php\/wp-json\/wp\/v2\/product_tag?post=733"}],"curies":[{"name":"wp","href":"https:\/\/api.w.org\/{rel}","templated":true}]}}