{"id":630,"date":"2023-09-05T21:36:17","date_gmt":"2023-09-05T21:36:17","guid":{"rendered":"https:\/\/goposchte24.de\/index.php\/product\/ariel-waschmittel-pods-all-in-1-color-waschmittel-2x49-98-waschladungen-fleckenentfernung-selbst-bei-niedrigen-wassertemperaturen\/"},"modified":"2023-09-29T22:45:35","modified_gmt":"2023-09-29T21:45:35","slug":"ariel-waschmittel-pods-all-in-1-color-waschmittel-2x49-98-waschladungen-fleckenentfernung-selbst-bei-niedrigen-wassertemperaturen","status":"publish","type":"product","link":"https:\/\/goposchte24.de\/index.php\/product\/ariel-waschmittel-pods-all-in-1-color-waschmittel-2x49-98-waschladungen-fleckenentfernung-selbst-bei-niedrigen-wassertemperaturen\/","title":{"rendered":"Ariel Waschmittel Pods All-in-1, Color Waschmittel, (2&#215;49) 98 Waschladungen, Fleckenentfernung selbst bei niedrigen Wassertemperaturen"},"content":{"rendered":"<ul class=\"amazon_features\">\n<li>FLECK-WEG-POWER BEIM 1. WASCHEN: Ariel Allin1 PODS sind jetzt mit einer zus\u00e4tzlichen roten Kammer ausgestattet und bieten ausgezeichnete Fleckentfernung beim 1. Waschen<\/li>\n<li>Die Nr.1 MEIST EMPFOHLENE WASCHMITTELMARKE von f\u00fchrenden Waschmaschinenmarken in Deutschland, wie: Bauknecht SIEMENS BOSCH AEG<\/li>\n<li>Allin1 POWER: 1. Fleckentfernung 2. Hygienische Reinheit 3. Faser- und Farbpflege 4. Frischer Duft 5. 100 prozent wasserl\u00f6sliche PODS H\u00fclle<\/li>\n<li>F\u00dcR DIE KALTW\u00c4SCHE ENTWICKELT: Ariel Allin1 PODS Waschkapseln verf\u00fcgen jetzt \u00fcber die einzigartige COOL CLEAN Technologie<\/li>\n<li>WASCHE K\u00c4LTER MIT ARIEL Allin1 PODS: Spare Energie bei jedem Waschgang und reduziere damit die CO2-Emissionen deiner W\u00e4sche<\/li>\n<\/ul>\n","protected":false},"excerpt":{"rendered":"<p>FLECK-WEG-POWER BEIM 1. WASCHEN: Ariel Allin1 PODS sind jetzt mit einer zus\u00e4tzlichen roten Kammer ausgestattet und bieten ausgezeichnete Fleckentfernung beim 1. Waschen Die Nr.1 MEIST EMPFOHLENE WASCHMITTELMARKE von f\u00fchrenden Waschmaschinenmarken in Deutschland, wie: Bauknecht SIEMENS BOSCH AEG Allin1 POWER: 1. Fleckentfernung 2. Hygienische Reinheit 3. Faser- und Farbpflege 4. Frischer Duft 5. 100 prozent wasserl\u00f6sliche [&hellip;]<\/p>\n","protected":false},"featured_media":631,"comment_status":"closed","ping_status":"closed","template":"","meta":[],"product_cat":[],"product_tag":[],"_links":{"self":[{"href":"https:\/\/goposchte24.de\/index.php\/wp-json\/wp\/v2\/product\/630"}],"collection":[{"href":"https:\/\/goposchte24.de\/index.php\/wp-json\/wp\/v2\/product"}],"about":[{"href":"https:\/\/goposchte24.de\/index.php\/wp-json\/wp\/v2\/types\/product"}],"replies":[{"embeddable":true,"href":"https:\/\/goposchte24.de\/index.php\/wp-json\/wp\/v2\/comments?post=630"}],"wp:featuredmedia":[{"embeddable":true,"href":"https:\/\/goposchte24.de\/index.php\/wp-json\/wp\/v2\/media\/631"}],"wp:attachment":[{"href":"https:\/\/goposchte24.de\/index.php\/wp-json\/wp\/v2\/media?parent=630"}],"wp:term":[{"taxonomy":"product_cat","embeddable":true,"href":"https:\/\/goposchte24.de\/index.php\/wp-json\/wp\/v2\/product_cat?post=630"},{"taxonomy":"product_tag","embeddable":true,"href":"https:\/\/goposchte24.de\/index.php\/wp-json\/wp\/v2\/product_tag?post=630"}],"curies":[{"name":"wp","href":"https:\/\/api.w.org\/{rel}","templated":true}]}}