{"id":482,"date":"2023-09-06T14:41:38","date_gmt":"2023-09-06T14:41:38","guid":{"rendered":"https:\/\/goposchte24.de\/index.php\/product\/pampers-harmonie-new-baby-feuchttucher-24-x-46-stuck-ohne-duft-schutzt-vor-hautreizungen-1104-tucher\/"},"modified":"2023-09-29T22:43:33","modified_gmt":"2023-09-29T21:43:33","slug":"pampers-harmonie-new-baby-feuchttucher-24-x-46-stuck-ohne-duft-schutzt-vor-hautreizungen-1104-tucher","status":"publish","type":"product","link":"https:\/\/goposchte24.de\/index.php\/product\/pampers-harmonie-new-baby-feuchttucher-24-x-46-stuck-ohne-duft-schutzt-vor-hautreizungen-1104-tucher\/","title":{"rendered":"Pampers Harmonie New Baby Feuchtt\u00fccher, (24 x 46 st\u00fcck), ohne Duft, sch\u00fctzt vor Hautreizungen, 1104 T\u00fccher"},"content":{"rendered":"<ul class=\"amazon_features\">\n<li>Speziell f\u00fcr Neugeborene<\/li>\n<li>Enthalten eine einzigartige Pflegelotion, die den nat\u00fcrlichen pH-Wert der Haut deines Neugeborenen wiederherstellt und vor Irritationen sch\u00fctzt<\/li>\n<li>Hergestellt aus 100 % pflanzenbasierten Fasern, die extra sanft zur Haut von Neugeborenen sind<\/li>\n<li>Hergestellt aus super weicher Premium-Baumwolle<\/li>\n<li>Hergestellt ohne Alkohol und Parf\u00fcm<\/li>\n<li>Von Dermatologen der Skin Health Alliance best\u00e4tigt<\/li>\n<\/ul>\n","protected":false},"excerpt":{"rendered":"<p>Speziell f\u00fcr Neugeborene Enthalten eine einzigartige Pflegelotion, die den nat\u00fcrlichen pH-Wert der Haut deines Neugeborenen wiederherstellt und vor Irritationen sch\u00fctzt Hergestellt aus 100 % pflanzenbasierten Fasern, die extra sanft zur Haut von Neugeborenen sind Hergestellt aus super weicher Premium-Baumwolle Hergestellt ohne Alkohol und Parf\u00fcm Von Dermatologen der Skin Health Alliance best\u00e4tigt<\/p>\n","protected":false},"featured_media":483,"comment_status":"closed","ping_status":"closed","template":"","meta":[],"product_cat":[],"product_tag":[],"_links":{"self":[{"href":"https:\/\/goposchte24.de\/index.php\/wp-json\/wp\/v2\/product\/482"}],"collection":[{"href":"https:\/\/goposchte24.de\/index.php\/wp-json\/wp\/v2\/product"}],"about":[{"href":"https:\/\/goposchte24.de\/index.php\/wp-json\/wp\/v2\/types\/product"}],"replies":[{"embeddable":true,"href":"https:\/\/goposchte24.de\/index.php\/wp-json\/wp\/v2\/comments?post=482"}],"wp:featuredmedia":[{"embeddable":true,"href":"https:\/\/goposchte24.de\/index.php\/wp-json\/wp\/v2\/media\/483"}],"wp:attachment":[{"href":"https:\/\/goposchte24.de\/index.php\/wp-json\/wp\/v2\/media?parent=482"}],"wp:term":[{"taxonomy":"product_cat","embeddable":true,"href":"https:\/\/goposchte24.de\/index.php\/wp-json\/wp\/v2\/product_cat?post=482"},{"taxonomy":"product_tag","embeddable":true,"href":"https:\/\/goposchte24.de\/index.php\/wp-json\/wp\/v2\/product_tag?post=482"}],"curies":[{"name":"wp","href":"https:\/\/api.w.org\/{rel}","templated":true}]}}