{"id":477,"date":"2023-08-30T14:18:41","date_gmt":"2023-08-30T14:18:41","guid":{"rendered":"https:\/\/goposchte24.de\/index.php\/product\/huggies-reinigungstucher-2\/"},"modified":"2023-09-29T22:43:28","modified_gmt":"2023-09-29T21:43:28","slug":"huggies-reinigungstucher-2","status":"publish","type":"product","link":"https:\/\/goposchte24.de\/index.php\/product\/huggies-reinigungstucher-2\/","title":{"rendered":"Huggies Reinigungst\u00fccher"},"content":{"rendered":"<ul class=\"amazon_features\">\n<li>Ingredients: Zellstoff<\/li>\n<li>Number of items: 560.0<\/li>\n<li>Packungage Weight: 3.31 kg<\/li>\n<li>Packungage die Gr\u00f6\u00dfe: 20.2 L x 28.8 H x 20.6 W<\/li>\n<li>Huggies Natural Care Feuchtt\u00fccher f\u00fcr sanfte beruhigende Pflege und Schutz, mit Aloe Vera<\/li>\n<\/ul>\n","protected":false},"excerpt":{"rendered":"<p>Ingredients: Zellstoff Number of items: 560.0 Packungage Weight: 3.31 kg Packungage die Gr\u00f6\u00dfe: 20.2 L x 28.8 H x 20.6 W Huggies Natural Care Feuchtt\u00fccher f\u00fcr sanfte beruhigende Pflege und Schutz, mit Aloe Vera<\/p>\n","protected":false},"featured_media":389,"comment_status":"closed","ping_status":"closed","template":"","meta":[],"product_cat":[],"product_tag":[],"_links":{"self":[{"href":"https:\/\/goposchte24.de\/index.php\/wp-json\/wp\/v2\/product\/477"}],"collection":[{"href":"https:\/\/goposchte24.de\/index.php\/wp-json\/wp\/v2\/product"}],"about":[{"href":"https:\/\/goposchte24.de\/index.php\/wp-json\/wp\/v2\/types\/product"}],"replies":[{"embeddable":true,"href":"https:\/\/goposchte24.de\/index.php\/wp-json\/wp\/v2\/comments?post=477"}],"wp:featuredmedia":[{"embeddable":true,"href":"https:\/\/goposchte24.de\/index.php\/wp-json\/wp\/v2\/media\/389"}],"wp:attachment":[{"href":"https:\/\/goposchte24.de\/index.php\/wp-json\/wp\/v2\/media?parent=477"}],"wp:term":[{"taxonomy":"product_cat","embeddable":true,"href":"https:\/\/goposchte24.de\/index.php\/wp-json\/wp\/v2\/product_cat?post=477"},{"taxonomy":"product_tag","embeddable":true,"href":"https:\/\/goposchte24.de\/index.php\/wp-json\/wp\/v2\/product_tag?post=477"}],"curies":[{"name":"wp","href":"https:\/\/api.w.org\/{rel}","templated":true}]}}