{"id":37,"date":"2023-09-06T15:07:44","date_gmt":"2023-09-06T15:07:44","guid":{"rendered":"https:\/\/goposchte24.de\/index.php\/product\/lenor-wascheparfum-goldene-orchidee-210g-lang-anhaltende-lenor-frische\/"},"modified":"2023-09-29T22:37:45","modified_gmt":"2023-09-29T21:37:45","slug":"lenor-wascheparfum-goldene-orchidee-210g-lang-anhaltende-lenor-frische","status":"publish","type":"product","link":"https:\/\/goposchte24.de\/index.php\/product\/lenor-wascheparfum-goldene-orchidee-210g-lang-anhaltende-lenor-frische\/","title":{"rendered":"Lenor W\u00e4scheparf\u00fcm Goldene Orchidee 210g \u2013 lang anhaltende Lenor Frische"},"content":{"rendered":"<ul class=\"amazon_features\">\n<li>Mehr von dem Duft, den Sie lieben<\/li>\n<li>W\u00e4scheparf\u00fcm mit einem Hauch von Vanilleduft, gemischt mit Mimose, Honig, Rosenakzenten und cremigem Pfirsich<\/li>\n<li>W\u00e4scheparf\u00fcm f\u00fcr alle Textilien, sogar Sportkleidung<\/li>\n<li>Geben Sie die Duftperlen vor jeder W\u00e4sche in die leere Waschtrommel<\/li>\n<li>Das Lenor W\u00e4scheparf\u00fcm ist die perfekte Erg\u00e4nzung zum Lenor Waschmittel und zum Lenor Weichsp\u00fcler<\/li>\n<li>Wunderbar alleine, zusammen ein himmlisches Wohlgef\u00fchl. Ich f\u00fchl mich wohl in Lenor<\/li>\n<li>Je nach gew\u00fcnschtem Dufterlebnis wenig oder viel dosieren<\/li>\n<li>Flasche hergestellt aus recyceltem Plastik au\u00dfer Dosierkappe, Verschlussdeckel und Verpackungsh\u00fclle<\/li>\n<\/ul>\n","protected":false},"excerpt":{"rendered":"<p>Mehr von dem Duft, den Sie lieben W\u00e4scheparf\u00fcm mit einem Hauch von Vanilleduft, gemischt mit Mimose, Honig, Rosenakzenten und cremigem Pfirsich W\u00e4scheparf\u00fcm f\u00fcr alle Textilien, sogar Sportkleidung Geben Sie die Duftperlen vor jeder W\u00e4sche in die leere Waschtrommel Das Lenor W\u00e4scheparf\u00fcm ist die perfekte Erg\u00e4nzung zum Lenor Waschmittel und zum Lenor Weichsp\u00fcler Wunderbar alleine, zusammen [&hellip;]<\/p>\n","protected":false},"featured_media":38,"comment_status":"closed","ping_status":"closed","template":"","meta":[],"product_cat":[],"product_tag":[],"_links":{"self":[{"href":"https:\/\/goposchte24.de\/index.php\/wp-json\/wp\/v2\/product\/37"}],"collection":[{"href":"https:\/\/goposchte24.de\/index.php\/wp-json\/wp\/v2\/product"}],"about":[{"href":"https:\/\/goposchte24.de\/index.php\/wp-json\/wp\/v2\/types\/product"}],"replies":[{"embeddable":true,"href":"https:\/\/goposchte24.de\/index.php\/wp-json\/wp\/v2\/comments?post=37"}],"wp:featuredmedia":[{"embeddable":true,"href":"https:\/\/goposchte24.de\/index.php\/wp-json\/wp\/v2\/media\/38"}],"wp:attachment":[{"href":"https:\/\/goposchte24.de\/index.php\/wp-json\/wp\/v2\/media?parent=37"}],"wp:term":[{"taxonomy":"product_cat","embeddable":true,"href":"https:\/\/goposchte24.de\/index.php\/wp-json\/wp\/v2\/product_cat?post=37"},{"taxonomy":"product_tag","embeddable":true,"href":"https:\/\/goposchte24.de\/index.php\/wp-json\/wp\/v2\/product_tag?post=37"}],"curies":[{"name":"wp","href":"https:\/\/api.w.org\/{rel}","templated":true}]}}