{"id":351,"date":"2023-08-30T15:53:17","date_gmt":"2023-08-30T15:53:17","guid":{"rendered":"https:\/\/goposchte24.de\/index.php\/product\/huggies-pure-extra-care-baby-feuchttucher-fur-den-ganzen-korper-99-reines-wasser-parfumfrei-3-x-56-tucher-triopack\/"},"modified":"2023-09-29T22:41:58","modified_gmt":"2023-09-29T21:41:58","slug":"huggies-pure-extra-care-baby-feuchttucher-fur-den-ganzen-korper-99-reines-wasser-parfumfrei-3-x-56-tucher-triopack","status":"publish","type":"product","link":"https:\/\/goposchte24.de\/index.php\/product\/huggies-pure-extra-care-baby-feuchttucher-fur-den-ganzen-korper-99-reines-wasser-parfumfrei-3-x-56-tucher-triopack\/","title":{"rendered":"Huggies Pure Extra Care Baby-Feuchtt\u00fccher, F\u00fcr den ganzen K\u00f6rper, 99 % reines Wasser, Parf\u00fcmfrei, 3 x 56 T\u00fccher, Triopack"},"content":{"rendered":"<ul class=\"amazon_features\">\n<li>Saugf\u00e4hige und weiche Feuchtt\u00fccher zur Reinigung und Pflege sensibler Babyhaut an Gesicht, H\u00e4nden und Po von Neugeborenen vom ersten Tag an; Triopack (3 x 56 T\u00fccher)<\/li>\n<li>Bestehend aus 99 % reinem Wasser; Ohne Parabene, Alkohol, Duftstoffe und Phenoxyethanol; Zuverl\u00e4ssige und sichere Reinigung ohne Hautirritationen; Besonders Rei\u00dffest<\/li>\n<li>Einzigartige Textur aus hautfreundlichen nat\u00fcrlichen Fasern mit 71% Zellstoff f\u00fcr ideale Feuchtigkeitsverteilung auf der Haut; Basierend auf saugf\u00e4higen Naturfasern; Hypoallergen und klinisch getestet<\/li>\n<li>Ideal f\u00fcr die ganze Familie unterwegs oder zuhause: Wiederverschlie\u00dfbarer Verschluss zum Schutz vor Austrocknen; Einzelentnahme der besonders dicken und weichen T\u00fccher mit einer Hand<\/li>\n<li>Lieferumfang: Huggies Baby-Pfleget\u00fccher; Triopack: 3 x 56 Feuchtigkeitst\u00fccher; Verpackungsma\u00dfe: 39,3 x 21,2 x 22,8 cm; Verpackungsgewicht: 1,39 kg; Naturfaser\/Reines Wasser; Art.Nr.: 2437301<\/li>\n<\/ul>\n","protected":false},"excerpt":{"rendered":"<p>Saugf\u00e4hige und weiche Feuchtt\u00fccher zur Reinigung und Pflege sensibler Babyhaut an Gesicht, H\u00e4nden und Po von Neugeborenen vom ersten Tag an; Triopack (3 x 56 T\u00fccher) Bestehend aus 99 % reinem Wasser; Ohne Parabene, Alkohol, Duftstoffe und Phenoxyethanol; Zuverl\u00e4ssige und sichere Reinigung ohne Hautirritationen; Besonders Rei\u00dffest Einzigartige Textur aus hautfreundlichen nat\u00fcrlichen Fasern mit 71% Zellstoff [&hellip;]<\/p>\n","protected":false},"featured_media":352,"comment_status":"closed","ping_status":"closed","template":"","meta":[],"product_cat":[],"product_tag":[],"_links":{"self":[{"href":"https:\/\/goposchte24.de\/index.php\/wp-json\/wp\/v2\/product\/351"}],"collection":[{"href":"https:\/\/goposchte24.de\/index.php\/wp-json\/wp\/v2\/product"}],"about":[{"href":"https:\/\/goposchte24.de\/index.php\/wp-json\/wp\/v2\/types\/product"}],"replies":[{"embeddable":true,"href":"https:\/\/goposchte24.de\/index.php\/wp-json\/wp\/v2\/comments?post=351"}],"wp:featuredmedia":[{"embeddable":true,"href":"https:\/\/goposchte24.de\/index.php\/wp-json\/wp\/v2\/media\/352"}],"wp:attachment":[{"href":"https:\/\/goposchte24.de\/index.php\/wp-json\/wp\/v2\/media?parent=351"}],"wp:term":[{"taxonomy":"product_cat","embeddable":true,"href":"https:\/\/goposchte24.de\/index.php\/wp-json\/wp\/v2\/product_cat?post=351"},{"taxonomy":"product_tag","embeddable":true,"href":"https:\/\/goposchte24.de\/index.php\/wp-json\/wp\/v2\/product_tag?post=351"}],"curies":[{"name":"wp","href":"https:\/\/api.w.org\/{rel}","templated":true}]}}