{"id":317,"date":"2023-08-31T20:23:20","date_gmt":"2023-08-31T20:23:20","guid":{"rendered":"https:\/\/goposchte24.de\/index.php\/product\/pampers-windeln-pants-grose-8-19kg-baby-dry-monatsbox-windelhoschen-mit-360-fit-96-hoschenwindeln\/"},"modified":"2023-09-29T22:41:36","modified_gmt":"2023-09-29T21:41:36","slug":"pampers-windeln-pants-grose-8-19kg-baby-dry-monatsbox-windelhoschen-mit-360-fit-96-hoschenwindeln","status":"publish","type":"product","link":"https:\/\/goposchte24.de\/index.php\/product\/pampers-windeln-pants-grose-8-19kg-baby-dry-monatsbox-windelhoschen-mit-360-fit-96-hoschenwindeln\/","title":{"rendered":"Pampers Windeln Pants Gr\u00f6\u00dfe 8 (19kg+) Baby-Dry, MONATSBOX, Windelh\u00f6schen mit 360\u00b0 Fit, 96 H\u00f6schenwindeln"},"content":{"rendered":"<ul class=\"amazon_features\">\n<li>Pampers Windeln Pants Gr\u00f6\u00dfe 8 (19kg+) Baby-Dry, 96 H\u00f6schenwindeln, Alte Version<\/li>\n<\/ul>\n","protected":false},"excerpt":{"rendered":"<p>Pampers Windeln Pants Gr\u00f6\u00dfe 8 (19kg+) Baby-Dry, 96 H\u00f6schenwindeln, Alte Version<\/p>\n","protected":false},"featured_media":318,"comment_status":"closed","ping_status":"closed","template":"","meta":[],"product_cat":[],"product_tag":[],"_links":{"self":[{"href":"https:\/\/goposchte24.de\/index.php\/wp-json\/wp\/v2\/product\/317"}],"collection":[{"href":"https:\/\/goposchte24.de\/index.php\/wp-json\/wp\/v2\/product"}],"about":[{"href":"https:\/\/goposchte24.de\/index.php\/wp-json\/wp\/v2\/types\/product"}],"replies":[{"embeddable":true,"href":"https:\/\/goposchte24.de\/index.php\/wp-json\/wp\/v2\/comments?post=317"}],"wp:featuredmedia":[{"embeddable":true,"href":"https:\/\/goposchte24.de\/index.php\/wp-json\/wp\/v2\/media\/318"}],"wp:attachment":[{"href":"https:\/\/goposchte24.de\/index.php\/wp-json\/wp\/v2\/media?parent=317"}],"wp:term":[{"taxonomy":"product_cat","embeddable":true,"href":"https:\/\/goposchte24.de\/index.php\/wp-json\/wp\/v2\/product_cat?post=317"},{"taxonomy":"product_tag","embeddable":true,"href":"https:\/\/goposchte24.de\/index.php\/wp-json\/wp\/v2\/product_tag?post=317"}],"curies":[{"name":"wp","href":"https:\/\/api.w.org\/{rel}","templated":true}]}}