{"id":292,"date":"2023-09-20T20:44:46","date_gmt":"2023-09-20T20:44:46","guid":{"rendered":"https:\/\/goposchte24.de\/index.php\/product\/abena-abri-soft-basic-blau-x60-40-x-60-cm\/"},"modified":"2023-09-29T22:41:17","modified_gmt":"2023-09-29T21:41:17","slug":"abena-abri-soft-basic-blau-x60-40-x-60-cm","status":"publish","type":"product","link":"https:\/\/goposchte24.de\/index.php\/product\/abena-abri-soft-basic-blau-x60-40-x-60-cm\/","title":{"rendered":"Abena abri-soft Basic blau x60 &#8211; 40 x 60 cm"},"content":{"rendered":"<ul class=\"amazon_features\">\n<li>40 x 60 cm<\/li>\n<li>Weich und hautfreundlich mit Geruchskontrolle<\/li>\n<li>Unbehandelter Flusenkern, wasserdichte R\u00fcckseite und versiegelte Kanten<\/li>\n<li>Geeignet als Bett- und Stuhlschutz, Wickelunterlage, T\u00f6pfchentrainingspad und Welpen-Trainingspolster<\/li>\n<li>Medizinisch gepr\u00fcft, dermatologisch getestet, Nordic Eco gekennzeichnet und latexfrei<\/li>\n<\/ul>\n","protected":false},"excerpt":{"rendered":"<p>40 x 60 cm Weich und hautfreundlich mit Geruchskontrolle Unbehandelter Flusenkern, wasserdichte R\u00fcckseite und versiegelte Kanten Geeignet als Bett- und Stuhlschutz, Wickelunterlage, T\u00f6pfchentrainingspad und Welpen-Trainingspolster Medizinisch gepr\u00fcft, dermatologisch getestet, Nordic Eco gekennzeichnet und latexfrei<\/p>\n","protected":false},"featured_media":293,"comment_status":"closed","ping_status":"closed","template":"","meta":[],"product_cat":[],"product_tag":[],"_links":{"self":[{"href":"https:\/\/goposchte24.de\/index.php\/wp-json\/wp\/v2\/product\/292"}],"collection":[{"href":"https:\/\/goposchte24.de\/index.php\/wp-json\/wp\/v2\/product"}],"about":[{"href":"https:\/\/goposchte24.de\/index.php\/wp-json\/wp\/v2\/types\/product"}],"replies":[{"embeddable":true,"href":"https:\/\/goposchte24.de\/index.php\/wp-json\/wp\/v2\/comments?post=292"}],"wp:featuredmedia":[{"embeddable":true,"href":"https:\/\/goposchte24.de\/index.php\/wp-json\/wp\/v2\/media\/293"}],"wp:attachment":[{"href":"https:\/\/goposchte24.de\/index.php\/wp-json\/wp\/v2\/media?parent=292"}],"wp:term":[{"taxonomy":"product_cat","embeddable":true,"href":"https:\/\/goposchte24.de\/index.php\/wp-json\/wp\/v2\/product_cat?post=292"},{"taxonomy":"product_tag","embeddable":true,"href":"https:\/\/goposchte24.de\/index.php\/wp-json\/wp\/v2\/product_tag?post=292"}],"curies":[{"name":"wp","href":"https:\/\/api.w.org\/{rel}","templated":true}]}}