{"id":216,"date":"2023-08-30T14:02:32","date_gmt":"2023-08-30T14:02:32","guid":{"rendered":"https:\/\/goposchte24.de\/index.php\/product\/claro-classic-geschirrspul-tabs-100-stuck-oko-spulmaschinen-tabs-phosphatfrei-vegan-wasserlosliche-folie\/"},"modified":"2023-09-29T22:40:18","modified_gmt":"2023-09-29T21:40:18","slug":"claro-classic-geschirrspul-tabs-100-stuck-oko-spulmaschinen-tabs-phosphatfrei-vegan-wasserlosliche-folie","status":"publish","type":"product","link":"https:\/\/goposchte24.de\/index.php\/product\/claro-classic-geschirrspul-tabs-100-stuck-oko-spulmaschinen-tabs-phosphatfrei-vegan-wasserlosliche-folie\/","title":{"rendered":"claro Classic Geschirrsp\u00fcl-Tabs &#8211; 100 St\u00fcck \u00d6ko-Sp\u00fclmaschinen-Tabs &#8211; phosphatfrei &amp; vegan &#8211; wasserl\u00f6sliche Folie"},"content":{"rendered":"<ul class=\"amazon_features\">\n<li>SPARPACK: Pro Lieferung erhalten Sie 100 St\u00fcck claro Classic Geschirrsp\u00fcltabs! F\u00fcr optimale Reinigungsleistung empfehlen wir die Verwendung in Kombination mit claro Klarsp\u00fcler und Alpensalz<\/li>\n<li>KEIN PLASTIK \/ MIKROPLASTIK: Unsere Geschirrsp\u00fcl-Tabs sind in einer patentierten biologisch abbaubaren und wasserl\u00f6slichen PVA-H\u00fclle verpackt, die vor dem Sp\u00fclen bitte nicht entfernt werden sollte<\/li>\n<li>MADE IN AUSTRIA: Alle claro-Produkte werden in \u00d6sterreich hergestellt, und zwar unter strengsten Bedingungen: Phosphatfrei, palm\u00f6lfrei, chlorfrei, vegan<\/li>\n<li>AUSGEZEICHNET: Unsere Geschirrsp\u00fcler-Tabs sind garantiert umweltfreundlich und wurde sowohl mit dem \u00f6sterreichischen Umweltzeichen als auch dem EU-Ecolabel ausgezeichnet<\/li>\n<li>DIE WELT VON CLARO: Entdecken Sie die Produktwelt von claro auf Amazon! Classic Tabs: B01EV6B9F8, Multi Tabs: B014170TFS, Klarsp\u00fcler: B01N4TQ6JH, Alpensalz: B01N672EXE, Maschinenreiniger: B01H1SHJNO<\/li>\n<\/ul>\n","protected":false},"excerpt":{"rendered":"<p>SPARPACK: Pro Lieferung erhalten Sie 100 St\u00fcck claro Classic Geschirrsp\u00fcltabs! F\u00fcr optimale Reinigungsleistung empfehlen wir die Verwendung in Kombination mit claro Klarsp\u00fcler und Alpensalz KEIN PLASTIK \/ MIKROPLASTIK: Unsere Geschirrsp\u00fcl-Tabs sind in einer patentierten biologisch abbaubaren und wasserl\u00f6slichen PVA-H\u00fclle verpackt, die vor dem Sp\u00fclen bitte nicht entfernt werden sollte MADE IN AUSTRIA: Alle claro-Produkte werden [&hellip;]<\/p>\n","protected":false},"featured_media":217,"comment_status":"closed","ping_status":"closed","template":"","meta":[],"product_cat":[],"product_tag":[],"_links":{"self":[{"href":"https:\/\/goposchte24.de\/index.php\/wp-json\/wp\/v2\/product\/216"}],"collection":[{"href":"https:\/\/goposchte24.de\/index.php\/wp-json\/wp\/v2\/product"}],"about":[{"href":"https:\/\/goposchte24.de\/index.php\/wp-json\/wp\/v2\/types\/product"}],"replies":[{"embeddable":true,"href":"https:\/\/goposchte24.de\/index.php\/wp-json\/wp\/v2\/comments?post=216"}],"wp:featuredmedia":[{"embeddable":true,"href":"https:\/\/goposchte24.de\/index.php\/wp-json\/wp\/v2\/media\/217"}],"wp:attachment":[{"href":"https:\/\/goposchte24.de\/index.php\/wp-json\/wp\/v2\/media?parent=216"}],"wp:term":[{"taxonomy":"product_cat","embeddable":true,"href":"https:\/\/goposchte24.de\/index.php\/wp-json\/wp\/v2\/product_cat?post=216"},{"taxonomy":"product_tag","embeddable":true,"href":"https:\/\/goposchte24.de\/index.php\/wp-json\/wp\/v2\/product_tag?post=216"}],"curies":[{"name":"wp","href":"https:\/\/api.w.org\/{rel}","templated":true}]}}